1).
1
-3 - (-1 - (2 + 1))
1
What is the value of 0 + -1 + 2 + (-9 - -7)?
-1
(5 - -1) + -7 + -2
-3
What is the value of -9 + 13 + (0 - 9)?
-5
Evaluate -10 - (5 - (10 + 1)).
-4
-7 - (0 - 3 - 0)
-4
What is the value of -1 + -3 + 8 + -4?
0
Evaluate 6 + (-4 - (-5 + 2 + 1)).
4
Calculate -7 + 4 + -4 + -3 + 6.
-4
Calculate 3 - (5 - (5 - 3)).
0
Calculate 8 - 10 - (-2 - 1).
1
What is the value of -6 + 4 - -3 - -10 - 6?
5
What is the value of -1 + -2 + (-9 + 3 - -10)?
1
What is -10 - (-11 - -10 - 10)?
1
Calculate -7 + (4 - (-4 - -3)).
-2
What is -1 - (-2 + 4 + 0)?
-3
What is the value of (33 - 30) + 1 + -4 + 5?
5
What is 9 - (-3 - (-1 + -10))?
1
-4 - (6 + -6 - (4 + 0))
0
Evaluate 2 + (2 - (7 - 4)) - -1.
2
Evaluate -2 - (9 + -16 + (1 - -7)).
-3
Calculate 12 - (10 + 1 - 8).
9
What is the value of 226 + -228 + (-4 - (-2 + 0))?
-4
Evaluate 6 + -7 - (-1 + -7) - 5.
2
What is -16 + 8 + 3 - 2?
-7
(-1 - -4 - (-2 + 13)) + 3
-5
-7 + 14 + 9 - 9
7
Calculate -1 - (-2 + 5 + -5).
1
Evaluate (4 - -3) + 14 + -21.
0
What is the value of 0 - (1 - (1 - 5))?
-5
What is 5 + -5 + 2 + 0?
2
2 + 4 + 3 - 12
-3
5 - ((-5 - 0) + 2)
8
What is the value of (-2 - -2 - -6) + -1 + 4?
9
Evaluate 2 + -2 - ((5 - 8) + 6).
-3
Calculate 8 + (-3 - -7) + (-4 - 4).
4
Calculate 3 - (4 + 2) - -4.
1
What is the value of 0 + 2 + -2 + 2?
2
What is (-11 - -5 - (4 - 10)) + 3?
3
Calculate -16 + 21 + (2 - 1 - 1).
5
What is the value of 0 - (-6 - (-10 - -5))?
1
Evaluate -2 + (-1 - 3) + 5.
-1
Evaluate 2 - (-7 + 2) - 4.
3
What is 12 - (1 + -5 + 13)?
3
Calculate -5 - -12 - (-1 - -4).
4
0 + -2 + (-14 - -12)
-4
2 + -1 - (-9 - (2 - 9))
3
What is 12 + -10 + -4 - 0?
-2
4 + -5 - 1 - -2
0
-2 + 7 + (-11 - -2)
-4
Evaluate 10 - (1 - (7 + -12)).
4
What is the value of (-1 - 1) + 0 + (2 - 4)?
-4
Evaluate -85 + 85 + (1 + -5 - -2).
-2
What is (-21 - -24) + 0 + 1 + -3?
1
Calculate 6 + -2 + (0 - 6 - -6).
4
What is the value of (-3 - -5) + 2 + 1 + -6?
-1
Evaluate -13 - (-8 + (5 - 1)).
-9
What is the value of (-2 + 4 - 3) + 8 + -2?
5
Evaluate (-1 - (3 + (4 - 7))) + -4.
-5
Calculate 0 + -2 - (-5 - -5).
-2
Calculate 8 + (2 - 3) + -3.
4
What is the value of 0 - (-3 + 4 + -6)?
5
4 + -1 - (-120 - -128)
-5
12 + (1 - 4 - 4)
5
What is the value of 5 - (13 - (8 - -2))?
2
What is the value of 1 + (6 - 8 - (1 - -2))?
-4
Evaluate -4 + -4 - -2 - (-10 + 5).
-1
Calculate -1 + -4 + 6 - 4.
-3
Calculate 0 + -1 - 1 - (134 - 131).
-5
4 + -9 - (-11 + 11)
-5
Calculate 10 - (9 - 7) - 9.
-1
Calculate 0 - (-2 - -1) - (0 - -3).
-2
Calculate (-8 - -4) + 4 - 4.
-4
(3 - 1 - 4) + 0 + 0
-2
(4 - (0 - 6)) + -2
8
What is the value of 13 - 12 - (1 + 5)?
-5
1 - ((4 - 1) + -4) - 0
2
What is -1 + -4 - (-3 + 2) - 0?
-4
Evaluate (8 - (7 + 7)) + 2.
-4
What is (0 - -2) + 0 - (-7 + 10)?
-1
Calculate 34 - 27 - (2 + -3 + 3).
5
Evaluate 11 + -3 + (-11 - -3).
0
Evaluate 2 + (-1 - -2) + (-6 - -3).
0
What is the value of (-1 - -5) + 0 + (2 - 2)?
4
What is (-8 - -11) + (4 - 3 - -2)?
6
What is the value of -2 + 0 - (4 - (2 + 4))?
0
Calculate 7 + (-11 - (7 + -15)).
4
What is the value of 0 + -13 + (18 - 6)?
-1
9 + 2 + -4 + -2
5
What is 0 + -1 + -7 + 5 + 4?
1
What is (3 - 3 - -6) + -14 - -1?
-7
Evaluate 1 + (-11 + 6 - -10).
6
What is (-6 - -6 - 1) + -4?
-5
Evaluate 9 + (-18 - -10) + 0 + -1.
0
5 - -1 - (-2 + 8 + -1)
1
2 - 7 - (-3 - -3)
-5
Calculate -4 - -5 - (-5 + 6) - -3.
3
4 - (3 + 5) - -7
3
What is 16 + -22 + (-2 - -12)?
4
Evaluate -9 + 9 + -4 - (0 - 2).
-2
(-8 + 2 - (-13 - -2)) + -3
2
What is 1 + -10 + 10 + -6 - -8?
3
What is 5 - (7 + -9 + 11 + -4)?
0
What is 0 - 1 - (-9 - -4 - -8)?
-4
What is the value of 3 - (-1 + 2 - 3)?
5
Evaluate -124 + 129 - (-1 + (1 - -1)).
4
What is (0 - 0) + 21 + -22?
-1
Calculate 5 + (1 - 4) - (1 - 2).
3
Calculate (-2 - -6 - 3) + (4 - -1).
6
11 - 13 - (-4 + -1)
3
What is the value of (20 - 6) + -3 - 6?
5
What is -1 + 3 + (-2 - (-3 + 1))?
2
What is -4 + (4 - -6) + 0?
6
Calculate (-13 - (-26 + 10)) + (3 - -1).
7
What is the value of (-1 - 0 - 4) + 8?
3
What is the value of -48 + 38 - (-5 - 1)?
-4
What is -8 + (14 - -2) - 6?
2
-2 - (-4 - 3 - -5)
0
What is -1 + -3 + -2 + 6 - -1?
1
What is the value of -2 + (-1 - -2) + 2 + 6?
7
What is the value of (11 - 7 - -2) + -14?
-8
What is the value of 2 - (5 + (-1 - -1) + -2)?
-1
What is -1 + -1 + 2 + -6 + 2?
-4
What is the value of -3 + 1 - (3 + 0 + 0)?
-5
Calculate 5 + (-10 - (-1 - 5)) + -4.
-3
Evaluate 3 + -9 + 2 + 0.
-4
11 - (-7 - -1 - (3 + -13))
7
Calculate 0 + (-2 + -4 - -3).
-3
-1 + -3 + -4 + 13
5
2 - (3 + (-7 - -8))
-2
What is the value of 10 + -7 + (-4 - -7)?
6
Calculate -11 + (21 - 7) - -6.
9
Calculate (7 - 3) + (-7 - 1).
-4
What is 0 - -2 - (11 + (0 - 4))?
-5
What is -6 + 10 - (9 - (0 - 1))?
-6
(-2 - -5) + (-3 - -1)
1
-1 + -5 + 11 + -9
-4
What is the value of -1 + (3 - -3) - (4 + -3)?
4
What is (-4 - -5) + -1 + -1 - 5?
-6
Calculate -9 - (8 + -12 + -3).
-2
Evaluate 13 + -9 + 7 + -10.
1
Calculate -5 + 4 + -1 + 9.
7
What is -3 + -4 + 3 - (0 + -7)?
3
What is -4 + 2 + 0 + 1?
-1
Evaluate -3 + -1 + 1 + 2 + -5.
-6
What is the value of 24 + -2 - (16 + -1)?
7
3 + -1 - (3 - (2 - -3))
4
What is 0 + (-6 - (6 + -8))?
-4
5 - -3 - (-32 + 38)
2
What is 9 + -5 - 2 - (11 - 2)?
-7
Calculate 1 - (12 - (3 - (-8 + 7))).
-7
Calculate -1 - -7 - (14 + (1 - 11)).
2
Evaluate -14 - (-6 - (-11 - -15)).
-4
Evaluate -6 + 6 + 10 + -5.
5
2 + -6 + 1 + 3
0
Calculate 1 + (5 - 2) + -4.
0
What is (8 - 3) + (-12 - -6) - 1?
-2
1 - (1 + -1) - (15 - 18)
4
What is the value of 5 - (-6 + 1 - -8)?
2
Evaluate -3 + 8 - 7 - (-5 + 1).
2
What is 2 - (3 + (3 - (-2 - -5)))?
-1
Calculate -2 + (-5 - (10 - 8)) - -5.
-4
-7 + (1 + 18 - (2 - -2))
8
Evaluate (5 - 10 - -8) + -8.
-5
-1 - 3 - -1 - (-2 + 0)
-1
What is the value of (2 - -14 - (32 - 26)) + -5?
5
What is the value of (-2 - 1) + -5 + 18 + -6?
4
Calculate 11 - (6 - (-7 - -8)).
6
What is (-6 - -13) + -3 + -2?
2
Calculate 4 - (-2 + (2 - (-1 + 1))).
4
What is the value of 2 - -1 - 3 - 0?
0
Evaluate (-5 + 5 - 10) + 2.
-8
Evaluate (-2 - (2 - 0)) + 2.
-2
What is the value of (3 - 2) + (-3 + 2 - -5)?
5
Calculate (-7 - 6) + 7 - -7.
1
What is the value of 9 - (14 - 2 - 8)?
5
Calculate -3 + (5 - 0) - (8 + -1).
-5
Calculate 1 - (13 + (-14 - -4)).
-2
What is the value of (-18 - -25) + (0 + 0 - 2)?
5
What is the value of (5 - (-1 - (4 - 6))) + -5?
-1
What is (0 - 1) + (-32 - -39)?
6
Evaluate 15 + -17 - (3 - 0 - 3).
-2
0 + 0 - (-7 + 3)
4
Evaluate 4 + -9 - (15 - 13).
-7
(0 - (3 - 0)) + (-4 - -2)
-5
(3 - 2) + -5 + -1
-5
-3 + (-2 - 1) + 5 + 0
-1
What is (-9 - 7) + 4 + 5?
-7
What is -1 - 4 - (-4 + 0)?
-1
Evaluate -2 - -13 - 4 - 3.
4
What is 8 + 0 + -6 + (7 - 4)?
5
What is (11 - (1 + 1)) + -21 + 15?
3
-3 + -6 + 6 + 0
-3
Calculate -6 - (-1 + -11 + 6).
0
-6 + 1 + 1 + -18 + 18
-4
Evaluate (2 - 1 - -6) + (-117 - -110).
0
Calculate ((6 - -1) + -3 - 3) + 0.
1
Calculate 1 - 1 - 6 - (-33 - -29).
-2
Calculate -3 + 3 + (-2 - -1) - 1.
-2
4 - ((-21 - -26) + (0 - 8))
7
What is the value of -13 - (-1 + 11 + -28)?
5
What is the value of 8 + (5 - (4 - -7))?
2
Evaluate -5 + 1 + (12 - 8).
0
Evaluate 12 + (2 - -1) - 12.
3
-2 + (5 - (5 + 4 + 1))
-7
Evaluate -3 + (-2 - (-1 - 4) - 1).
-1
Evaluate -5 - (11 - 4 - 10).
-2
What is the value of (-13 - 1 - -6) + 19?
11
(-9 - -12) + (13 - (4 + 3))
9
Evaluate -2 + (2 - 2) - -4.
2
What is the value of 0 - (7 + 0 + -1)?
-6
What is -46 + 45 + (0 - 7) + 2?
-6
What is the value of (-6 - (3 + -9)) + 1 + 1?
2
Calculate 0 + (3 + -3 - 5) + 0.
-5
-10 + (-15 - (-26 - -12))
-11
-3 + -1 + 1 + 2
-1
What is the value of (1 + -4 - (1 - 1)) + -1?
-4
-3 + -1 + (8 - 5)
-1
Evaluate (0 + 2 - 1) + -3 - -5.
3
Calculate 1 - (3 + -1) - (-1 - 3).
3
0 + (8 - (-2 - -6)) + -2
2
Evaluate -5 - (-4 - (4 + 2)).
5
What is the value of 0 - (-1 + 1) - 0?
0
1 + -8 + 6 + -2
-3
Calculate 4 + -1 + (-6 - (-1 + -4)).
2
-7 - (-15 - -11) - 5
-8
6 + 0 + 1 - (-1 - -17)
-9
Evaluate 3 + (2 - 2) - 1 - -1.
3
What is -1 + 15 - (-6 + (11 - -3))?
6
Evaluate -2 + -1 + 1 - 2 - -2.
-2
What is the value of (4 - (9 - 0)) + 5?
0
What is the value of 2 + (-1 - -3) + 1 + -6?
-1
What is 1 + -12 - -8 - 1?
-4
What is the value of 45 + -34 + (1 - 7)?
5
Evaluate -2 + 4 - 2 - (12 - 14).
2
(0 - (-5 - 0)) + -2 + 2
5
Calculate (-6 - (-1 - 1)) + 0 + 2.
-2
What is the value of 0 + 8 + -2 + -2?
4
What is 0 + 3 + -2 + (-10 - -5)?
-4
What is (-4 - -11 - -4) + -1 + -4?
6
W